t the prime factors of 737338.
2, 7, 52667
What are the prime factors of 374817?
3, 103, 1213
List the prime factors of 280566.
2, 3, 11, 13, 109
What are the prime factors of 699190?
2, 5, 29, 2411
List the prime factors of 8003209.
17, 73, 6449
List the prime factors of 16566218.
2, 8283109
List the prime factors of 3402500.
2, 5, 1361
What are the prime factors of 3362?
2, 41
What are the prime factors of 1600682?
2, 313, 2557
List the prime factors of 1611426.
2, 3, 23, 11677
What are the prime factors of 4909753?
17, 337, 857
What are the prime factors of 810982?
2, 405491
What are the prime factors of 2836290?
2, 3, 5, 94543
What are the prime factors of 5268612?
2, 3, 67, 6553
What are the prime factors of 129251?
17, 7603
What are the prime factors of 1840923?
3, 7, 29221
What are the prime factors of 3610030?
2, 5, 361003
What are the prime factors of 254991?
3, 11, 7727
List the prime factors of 4770886.
2, 859, 2777
List the prime factors of 1400574.
2, 3, 7, 33347
What are the prime factors of 1841016?
2, 3, 79, 971
What are the prime factors of 470035?
5, 94007
List the prime factors of 2747012.
2, 43, 15971
What are the prime factors of 886655?
5, 7, 11, 47
List the prime factors of 100939.
193, 523
List the prime factors of 2294633.
11, 337, 619
What are the prime factors of 25812?
2, 3, 239
What are the prime factors of 133355?
5, 149, 179
What are the prime factors of 2971503?
3, 330167
What are the prime factors of 333363?
3, 111121
List the prime factors of 8969459.
1543, 5813
List the prime factors of 136059.
3, 7, 11, 19, 31
List the prime factors of 27412929.
3, 131, 23251
What are the prime factors of 999986?
2, 13, 38461
What are the prime factors of 40352?
2, 13, 97
List the prime factors of 4931118.
2, 3, 61, 499
List the prime factors of 8485242.
2, 3, 1414207
List the prime factors of 432266.
2, 216133
What are the prime factors of 4718841?
3, 23, 68389
What are the prime factors of 2114968?
2, 264371
List the prime factors of 238411.
419, 569
List the prime factors of 79584.
2, 3, 829
List the prime factors of 234791.
234791
What are the prime factors of 1780073?
661, 2693
List the prime factors of 504894.
2, 3, 13, 6473
What are the prime factors of 1127733?
3, 199, 1889
What are the prime factors of 852383?
7, 263, 463
List the prime factors of 327980.
2, 5, 23, 31
What are the prime factors of 366850?
2, 5, 11, 23, 29
List the prime factors of 9146229.
3, 43, 70901
What are the prime factors of 1692199?
1692199
List the prime factors of 30431703.
3, 3167, 3203
List the prime factors of 1287443.
71, 18133
What are the prime factors of 5526951?
3, 1842317
What are the prime factors of 237282?
2, 3, 71, 557
What are the prime factors of 9871110?
2, 3, 5, 67, 1637
What are the prime factors of 2268631?
2268631
List the prime factors of 41783.
7, 47, 127
List the prime factors of 2141672.
2, 13, 20593
List the prime factors of 767608.
2, 229, 419
What are the prime factors of 4722885?
3, 5, 104953
List the prime factors of 2703962.
2, 1351981
List the prime factors of 16271384.
2, 61, 33343
List the prime factors of 240493.
11, 21863
List the prime factors of 2768768.
2, 97, 223
List the prime factors of 2314597.
281, 8237
List the prime factors of 227393.
227393
List the prime factors of 5799875.
5, 46399
List the prime factors of 11818788.
2, 3, 53, 18583
What are the prime factors of 1735152?
2, 3, 37, 977
What are the prime factors of 1445457?
3, 13, 2851
List the prime factors of 35426.
2, 17713
What are the prime factors of 70569?
3, 7841
What are the prime factors of 256146?
2, 3, 11, 3881
What are the prime factors of 863139?
3, 43, 6691
List the prime factors of 353022.
2, 3, 17, 3461
List the prime factors of 254744.
2, 7, 4549
What are the prime factors of 7786455?
3, 5, 519097
List the prime factors of 691148.
2, 172787
What are the prime factors of 152513?
19, 23, 349
List the prime factors of 359161.
11, 103, 317
List the prime factors of 10403524.
2, 17, 152993
What are the prime factors of 44623?
44623
What are the prime factors of 895361?
895361
What are the prime factors of 2204806?
2, 463, 2381
List the prime factors of 14126632.
2, 13, 41, 3313
List the prime factors of 1905999.
3, 635333
List the prime factors of 1324882.
2, 13, 50957
List the prime factors of 6781204.
2, 67, 25303
List the prime factors of 2975068.
2, 17, 67, 653
What are the prime factors of 58036?
2, 11, 1319
List the prime factors of 1035190.
2, 5, 13, 7963
List the prime factors of 250969.
250969
List the prime factors of 156245.
5, 31249
What are the prime factors of 513416?
2, 29, 2213
What are the prime factors of 167554?
2, 83777
What are the prime factors of 473752?
2, 59219
What are the prime factors of 110091?
3, 36697
What are the prime factors of 482140?
2, 5, 24107
What are the prime factors of 1478639?
1478639
List the prime factors of 843675.
3, 5, 7, 1607
What are the prime factors of 3489697?
3489697
What are the prime factors of 213814?
2, 106907
What are the prime factors of 4158458?
2, 2079229
What are the prime factors of 3370593?
3, 1123531
List the prime factors of 43953.
3, 7, 13, 23
List the prime factors of 1909284.
2, 3, 13, 12239
List the prime factors of 157764.
2, 3, 13147
List the prime factors of 18632243.
7, 257, 10357
List the prime factors of 6980021.
6980021
List the prime factors of 524466.
2, 3, 29137
What are the prime factors of 295552?
2, 2309
List the prime factors of 925300.
2, 5, 19, 487
List the prime factors of 13706.
2, 7, 11, 89
What are the prime factors of 3033578?
2, 19, 97, 823
What are the prime factors of 296941?
296941
List the prime factors of 1681263.
3, 73, 853
List the prime factors of 322167.
3, 17, 6317
What are the prime factors of 7451128?
2, 431, 2161
What are the prime factors of 1673047?
61, 27427
List the prime factors of 183345.
3, 5, 17, 719
List the prime factors of 3734774.
2, 823, 2269
List the prime factors of 624429.
3, 13, 593
What are the prime factors of 6710806?
2, 3355403
List the prime factors of 440474.
2, 113, 1949
List the prime factors of 213410.
2, 5, 21341
List the prime factors of 736929.
3, 37, 2213
What are the prime factors of 4536443?
661, 6863
List the prime factors of 4488920.
2, 5, 112223
What are the prime factors of 418979?
11, 41, 929
What are the prime factors of 8519554?
2, 41, 107, 971
What are the prime factors of 508612?
2, 13, 9781
List the prime factors of 1275180.
2, 3, 5, 53, 401
What are the prime factors of 33623569?
7, 17, 59, 4789
What are the prime factors of 8196332?
2, 2049083
List the prime factors of 374996.
2, 241, 389
List the prime factors of 290582.
2, 23, 6317
What are the prime factors of 312821?
31, 10091
What are the prime factors of 1314548?
2, 328637
List the prime factors of 2020320.
2, 3, 5, 23, 61
List the prime factors of 2749778.
2, 787, 1747
List the prime factors of 2553695.
5, 19, 26881
What are the prime factors of 3066748?
2, 766687
What are the prime factors of 671404?
2, 53, 3167
List the prime factors of 909907.
909907
List the prime factors of 1005904.
2, 62869
What are the prime factors of 2812277?
13, 216329
What are the prime factors of 28456238?
2, 2971, 4789
What are the prime factors of 765958?
2, 382979
What are the prime factors of 2410507?
11, 419, 523
List the prime factors of 348570.
2, 3, 5, 1291
List the prime factors of 36715443.
3, 12238481
What are the prime factors of 3015483?
3, 1005161
List the prime factors of 92270.
2, 5, 9227
List the prime factors of 27998341.
7, 3999763
What are the prime factors of 106745?
5, 37, 577
What are the prime factors of 342667?
13, 43, 613
List the prime factors of 5869456.
2, 366841
What are the prime factors of 6800743?
6800743
List the prime factors of 3999031.
31, 129001
What are the prime factors of 229063?
157, 1459
List the prime factors of 62359.
11, 5669
List the prime factors of 3201787.
3201787
What are the prime factors of 35529166?
2, 937, 18959
List the prime factors of 1071236.
2, 31, 53, 163
List the prime factors of 7493538.
2, 3, 13, 23, 4177
What are the prime factors of 6064278?
2, 3, 11, 8353
What are the prime factors of 7570716?
2, 3, 630893
List the prime factors of 647937.
3, 71993
List the prime factors of 102